*k + 12 + 12. Is (538/(-3))/((-9)/(81/k)) a composite number?
False
Let x = -5222 + 23222. Suppose 5*r = 5*t + x, -r + 4633 = -4*t - 9773. Is (t/(-12))/((-6)/(-36)) composite?
False
Let q(i) = i**3 - 10*i**2 + 3*i - 25. Let s be q(10). Suppose 40 - 20 = s*z. Suppose -4*l - 1299 = -3*r, 449 = r - z*l + 8*l. Is r a prime number?
False
Let b(j) = -306*j**2 - 9*j + 13. Let p(c) = -306*c**2 - 8*c + 13. Let d(h) = 4*b(h) - 5*p(h). Is d(-4) a composite number?
True
Let w = 23 + -15. Suppose -36 = w*x + 4. Is ((-1831)/(-5))/(19/x + 4) a prime number?
True
Suppose 260*l - 379*l + 1547 = 0. Let g(i) be the second derivative of i**4/6 + i**3/2 - 5*i**2 - i. Is g(l) a composite number?
False
Is (-2)/9*((-10384686)/12 - -9) a prime number?
True
Let a be (2/1)/((-45)/(-39) - 1). Suppose 50402 = a*b - 47644. Suppose f + b = 7*f. Is f prime?
False
Let g(j) = -j**3 + 16*j**2 + 2*j - 29. Let q be g(16). Suppose -q*f + 11*f - 2344 = 0. Is f a prime number?
True
Is (-2378)/((1/(-2))/((-3 + -6)/(-36))) a composite number?
True
Let p(z) = 151*z - 15. Let q be p(8). Let b(g) = g**3 - 2*g**2 - g + 4. Let x be b(-8). Let w = q + x. Is w a composite number?
True
Let k(r) = -7406*r + 3. Let y be k(-5). Suppose 3*p - 5*b - y = -10*b, 3*b = -2*p + 24689. Is p prime?
False
Is (138/345)/(2 - (-5366832)/(-2683420)) prime?
True
Suppose -1546*b + 28123 = -1545*b. Is b composite?
False
Suppose -202917 = -3*j - 3*b, -2*b + 3*b = 2*j - 135254. Is j prime?
True
Let z(t) = -823*t + 29. Let i be z(4). Let p = -417 - i. Suppose 0 = -3*g + p + 2449. Is g prime?
False
Suppose -6*z = -66 + 666. Is (-607086)/(-22) + z/(-550) a prime number?
False
Let s(n) = -18*n**3 - 11*n**2 - 4*n - n**2 + 6*n**2 - 8. Let a be s(-6). Suppose a = 9*l - 2405. Is l a composite number?
False
Suppose 0 = -4*o + 1314 + 4486. Suppose 5*i - 10*i = 2*c - 711, 1417 = 4*c + 5*i. Let q = o - c. Is q composite?
False
Let m = -8480 - -16451. Suppose l + 2*l + 2*d - 5981 = 0, -4*l + d + m = 0. Is l composite?
False
Let v = -312 - -302. Is ((-22141)/2)/(1 + 15/v) a composite number?
True
Let a(t) = 1084*t**2 - 952*t - 47. Is a(13) composite?
False
Let q(w) = 3*w + 16. Let b be q(-5). Suppose -2*o = -g + b + 2, -5*g = o - 15. Suppose l + l - 990 = -4*a, o = -l - 4*a + 491. Is l a composite number?
False
Suppose 5*y + 0*d + 39 = -3*d, -3*d - 27 = 3*y. Let h be (-2 + (-14)/y)*(-60)/(-2). Suppose -2*q = 3*r - 161, 3*q = q - h. Is r a composite number?
True
Let m be ((32*-12)/(-6))/(4/278). Let r = m + -3157. Is r a composite number?
False
Let g = 48954 + -27743. Is g a composite number?
False
Let k be 1 - 5/(-1) - -354. Let j = k - 351. Is j a composite number?
True
Let h(t) = -988*t + 5. Let z(v) = v**3 + 3*v**2 + 2*v + 3. Let s be z(-2). Suppose -5 = 8*q - s*q. Is h(q) prime?
False
Suppose 19*h - 513166 = 23*h + 5*i, -5*h = -5*i + 641480. Is (h/(-230))/(2/10) prime?
True
Suppose -4*n - 1012 = 2*g - 4518, -3509 = -4*n - 3*g. Suppose -1034 = -4*v + 1294. Let i = n - v. Is i prime?
True
Let l be 1048/4*(-86)/(-4). Suppose 2*f - l = -3*w, 3*f + 2*w = 7*w + 8459. Is f/(-6)*(4 + -7) a composite number?
False
Let u(g) be the third derivative of 13*g**2 + 1/2*g**3 + 0 + 0*g**4 + 7/30*g**5 + 0*g. Is u(2) prime?
True
Let m(p) = 187*p**2 + 687*p - 9837. Is m(14) a composite number?
False
Let h(y) = 9*y**3 - 2*y**2 - 4*y - 26. Let r be h(-7). Let g = r + 5800. Is g composite?
False
Suppose -3*z - 5*c + 476702 = 0, -7*z = -10*z + c + 476732. Is z a composite number?
False
Suppose -341*o = -84874915 - 7362516. Is o composite?
True
Let k(r) be the second derivative of 35*r**4/4 - 9*r**3/2 - 163*r**2/2 + 78*r - 1. Is k(-7) a prime number?
True
Suppose -76*l = -2*n - 71*l + 156981, 4*l - 470810 = -6*n. Is n composite?
True
Let g be (-6)/((8/174)/(-4)). Let u = -636 + 407. Let k = g + u. Is k composite?
False
Suppose -60 = -22*r + 2*r. Suppose 5*y - 54208 = 3*l, -3*l - 6 = -r. Is y composite?
True
Let m(r) = -17*r**3 + 2*r**2 + 7*r + 17. Let h be ((-154)/(-33))/((-1)/3*2). Is m(h) a prime number?
True
Suppose -20*j - 5*m = -16*j - 27, m - 23 = -3*j. Suppose 4207 = r + 3*v, 4*r + j*v - 3*v = 16814. Is r a composite number?
False
Let d be 2*(-1)/12 + 9019/6. Let y = d - -2399. Suppose -5*v + y = -2*p - 3005, -5522 = -4*v - 2*p. Is v a prime number?
True
Suppose 0*g + 3*s = -g, 0 = 5*g - 5*s. Suppose g = -4*k + 4*c + 8, -k - 4*c = -3 - 9. Suppose -5*n = -4*m + 580, -580 = -k*m - 0*n - 5*n. Is m composite?
True
Suppose 5*w - 2*b - 9 = 0, 3 = -3*b - 3. Suppose 5*q - w + 16 = 3*c, 2*c - 3*q = 10. Suppose 0 = -k + c*k - 388. Is k a prime number?
True
Let c = 542 + 168. Suppose -4*r + 2*u - 99 = -665, 5*r = 3*u + c. Is r prime?
True
Suppose 4*z + 177 = -4*d + z, -5*d + 4*z = 198. Let l = 35 + d. Let t = l + 726. Is t composite?
False
Let x = -22786 + 41289. Is x a prime number?
True
Let w(z) = -4*z - 31. Let g be w(-9). Suppose 0 = 2*v - g - 5. Suppose 5*y = -v*p + p + 1686, -354 = -y - 5*p. Is y composite?
True
Is 73577 - 240/(10 + 5) prime?
True
Suppose -15*s + 5*x - 1784271 = -16*s, 3*x = 4*s - 7137176. Is s composite?
False
Let o = 2 - -39. Let z = 43 - o. Suppose -3*l + 166 = z*s, 2*s = l + l + 166. Is s a prime number?
True
Suppose v + 44 + 24 = s, -331 = -5*s - 4*v. Let a = s + 12. Is a prime?
True
Suppose -2*u - h = -6*h - 416836, 0 = u - 9*h - 208379. Is u prime?
True
Let k(w) = 27*w**2 + 4*w**3 + 15*w**2 - 48*w**2 - 3*w**3 - 14 + 3*w. Let i be k(6). Suppose -m = r - i*m - 400, 3*r + 5*m = 1158. Is r a composite number?
True
Is ((-32)/(-40))/(63/15 - 4) - -94195 prime?
False
Let u = 138 + -131. Suppose -u*x + 9082 = -5*x. Is x prime?
False
Let y(w) = 454*w**3 + 3*w**2 + 2*w - 1. Suppose 9*f = 23 - 5. Is y(f) a prime number?
False
Suppose -5*d + 5*q - 172172 + 632807 = 0, -2*d = 3*q - 184214. Is d a composite number?
False
Suppose -8872*x + 8871*x + 95617 + 109560 = 0. Is x composite?
True
Let w be ((-234)/(-27))/((-4)/42*1). Let d = w + 88. Is d + (30 - 5)/(1/4) composite?
False
Let q(u) = -2*u**2 + 31*u**2 - 5*u + 26*u**2 + 22*u**2 + 35. Is q(6) a composite number?
False
Let v(j) = 134*j**2 + 104*j + 3191. Is v(-30) a prime number?
True
Suppose -u = 2*l + 8, 5*l + 30 = -5*u - 0*l. Let y(m) = -1490*m + 41. Is y(u) a prime number?
False
Suppose 5*m = 3*n - 25, 2*m + m = 4*n - 26. Is 2/(m/(-5))*(625 + -8) composite?
True
Let o = 351 - -1265. Suppose -4*x - 2429 = -3*s, -6*x - o = -2*s - 4*x. Is s a composite number?
True
Let i = 1563540 + -660009. Is i prime?
False
Suppose 261146 = -4*x - 0*x + 1468614. Is x a prime number?
True
Let s = 22 + -17. Suppose 3*w = s + 4. Is w*674*1/6 a composite number?
False
Let i(x) = 98*x - 40. Let j be i(4). Suppose 0 = -2*l - 6*l - j. Let u = l + 277. Is u prime?
True
Suppose -15*u + 198321 = -837594. Is u a prime number?
True
Let g = 438983 - 256366. Is g a composite number?
False
Let i(s) = -2*s**2 - 37*s + 22. Let f be i(-19). Suppose -l + 3*w + 373 = 0, -w = -f*l - l + 1437. Is l composite?
True
Let n be ((-25)/(-5) + 2)*71. Let a = n - -2024. Is a a composite number?
False
Suppose -p = 5*j + 13, j = -5*p + 4*j + 75. Suppose -p*h = -6*h - 182046. Is h a composite number?
False
Let d = 69360 + -39224. Suppose -20307 = -2*t + 3*m - 248, 3*t - d = -5*m. Is t prime?
True
Suppose -25*n - 75*n + 200 = 0. Suppose 3*q + c + 7 = 24, 15 = 5*q - 5*c. Suppose -n*u + 875 = 3*h, 3*h - q*u = 2*h + 303. Is h prime?
True
Suppose 0 = 168*u + 65*u - 86200447. Is u a prime number?
True
Suppose 0 = -5*f - 4*c + 314, 3*f - 5*f = -5*c - 152. Let k = f + -56. Is (-33028)/(-20) - k/25 a composite number?
True
Suppose -5227372 + 922337 = -35*a. Is a a composite number?
False
Let z(a) = a + 281*a**2 - 21*a**2 + 4*a - 2*a + 19 + 24*a**2. Is z(-12) a composite number?
False
Let i = -38770 + 138377. Is i a composite number?
False
Suppose 3*z + b - 1 = 12, 0 = -4*z + 3*b. Suppose -5*v - 1102 = 2*c + 1280, 3*c = -z. Let g = 775 + v. Is g composite?
True
Let o(g) = 141*g**3 - 16*g**2 + 14*g - 377. Is o(14) a composite number?
False
Is (-379794)/(-9) + ((-4)/(-84)*7)/(-1) a prime number?
False
Suppose 0*z = 9*z - 7164. Suppose 5*k + z = k. Let u = k + 486. Is u prime?
False
Suppose 2860927 = 250*x - 988323. Is x a prime number?
False
Suppose 18*j - 616503 - 272021 = -34*j. Is j prime?
False
Suppose -19*q - 1 = -20*q. Is ((1634 - 